 3948493?
4
What is the ten thousands digit of 63133?
6
What is the hundred thousands digit of 516094?
5
What is the thousands digit of 494691?
4
What is the ten thousands digit of 989298?
8
What is the hundreds digit of 10421118?
1
What is the hundreds digit of 25210857?
8
What is the thousands digit of 376913?
6
What is the ten thousands digit of 595371?
9
What is the tens digit of 127022?
2
What is the thousands digit of 6141531?
1
What is the ten millions digit of 29070782?
2
What is the thousands digit of 2344899?
4
What is the thousands digit of 61849?
1
What is the hundreds digit of 6757442?
4
What is the hundred thousands digit of 197371?
1
What is the hundreds digit of 324624?
6
What is the units digit of 2354318?
8
What is the hundreds digit of 4848016?
0
What is the hundreds digit of 191109?
1
What is the tens digit of 647127?
2
What is the thousands digit of 83781?
3
What is the millions digit of 1286486?
1
What is the thousands digit of 519841?
9
What is the hundreds digit of 8210295?
2
What is the hundreds digit of 9196777?
7
What is the units digit of 366399?
9
What is the ten millions digit of 22552348?
2
What is the ten thousands digit of 14033631?
3
What is the hundred thousands digit of 167100?
1
What is the tens digit of 503145?
4
What is the thousands digit of 718295?
8
What is the units digit of 8646458?
8
What is the ten thousands digit of 854462?
5
What is the hundreds digit of 1690669?
6
What is the thousands digit of 81569?
1
What is the thousands digit of 3930916?
0
What is the units digit of 4383545?
5
What is the thousands digit of 8747783?
7
What is the ten thousands digit of 918894?
1
What is the millions digit of 5604557?
5
What is the tens digit of 656400?
0
What is the ten thousands digit of 4026401?
2
What is the thousands digit of 78045?
8
What is the tens digit of 4870527?
2
What is the hundred thousands digit of 5007630?
0
What is the tens digit of 4379146?
4
What is the units digit of 462261?
1
What is the thousands digit of 775321?
5
What is the thousands digit of 80331?
0
What is the thousands digit of 79210?
9
What is the units digit of 1679389?
9
What is the thousands digit of 857932?
7
What is the tens digit of 208242?
4
What is the hundred thousands digit of 3320872?
3
What is the thousands digit of 26450418?
0
What is the hundred thousands digit of 3078557?
0
What is the thousands digit of 6616638?
6
What is the millions digit of 1785550?
1
What is the thousands digit of 3953845?
3
What is the hundred thousands digit of 471674?
4
What is the hundred thousands digit of 244260?
2
What is the units digit of 343055?
5
What is the thousands digit of 14662902?
2
What is the hundreds digit of 68892?
8
What is the millions digit of 9899489?
9
What is the hundred thousands digit of 776199?
7
What is the hundreds digit of 23550008?
0
What is the tens digit of 129061?
6
What is the ten thousands digit of 1360665?
6
What is the hundred thousands digit of 3675762?
6
What is the thousands digit of 440511?
0
What is the ten thousands digit of 1332884?
3
What is the hundreds digit of 488844?
8
What is the tens digit of 7098466?
6
What is the thousands digit of 1314177?
4
What is the ten thousands digit of 19509701?
0
What is the hundred thousands digit of 2684296?
6
What is the units digit of 3031920?
0
What is the hundred thousands digit of 417021?
4
What is the ten thousands digit of 8188216?
8
What is the thousands digit of 985427?
5
What is the units digit of 23459929?
9
What is the hundred thousands digit of 312915?
3
What is the hundreds digit of 888090?
0
What is the tens digit of 3712773?
7
What is the hundreds digit of 260867?
8
What is the hundreds digit of 9846093?
0
What is the hundreds digit of 456377?
3
What is the hundreds digit of 1948789?
7
What is the hundreds digit of 1777139?
1
What is the units digit of 233995?
5
What is the hundred thousands digit of 158921?
1
What is the tens digit of 552644?
4
What is the thousands digit of 939632?
9
What is the hundreds digit of 139728?
7
What is the thousands digit of 5585602?
5
What is the tens digit of 665609?
0
What is the tens digit of 2744399?
9
What is the tens digit of 4868398?
9
What is the ten thousands digit of 5036749?
3
What is the tens digit of 447784?
8
What is the ten thousands digit of 2336826?
3
What is the units digit of 2944486?
6
What is the tens digit of 33071255?
5
What is the ten thousands digit of 10504769?
0
What is the hundred thousands digit of 249443?
2
What is the ten thousands digit of 208413?
0
What is the ten thousands digit of 1568672?
6
What is the thousands digit of 6240539?
0
What is the tens digit of 508852?
5
What is the units digit of 43277?
7
What is the hundreds digit of 7120680?
6
What is the tens digit of 46202?
0
What is the hundreds digit of 12379284?
2
What is the thousands digit of 3990049?
0
What is the thousands digit of 1047933?
7
What is the hundred thousands digit of 1471171?
4
What is the hundreds digit of 964524?
5
What is the hundreds digit of 4170514?
5
What is the ten thousands digit of 349919?
4
What is the tens digit of 4028?
2
What is the hundreds digit of 16983127?
1
What is the hundreds digit of 1282386?
3
What is the hundred thousands digit of 484442?
4
What is the hundreds digit of 478071?
0
What is the units digit of 219817?
7
What is the hundreds digit of 15866044?
0
What is the hundred thousands digit of 29178846?
1
What is the hundreds digit of 56337?
3
What is the ten millions digit of 32976325?
3
What is the tens digit of 188028?
2
What is the tens digit of 326724?
2
What is the units digit of 2004554?
4
What is the units digit of 3195537?
7
What is the units digit of 114736?
6
What is the hundred thousands digit of 1004149?
0
What is the tens digit of 723213?
1
What is the ten thousands digit of 9175611?
7
What is the thousands digit of 459051?
9
What is the hundred thousands digit of 238034?
2
What is the hundreds digit of 578002?
0
What is the millions digit of 1373670?
1
What is the tens digit of 995167?
6
What is the tens digit of 1131646?
4
What is the ten thousands digit of 23722289?
2
What is the hundreds digit of 126285?
2
What is the millions digit of 3026640?
3
What is the thousands digit of 1899211?
9
What is the units digit of 6642334?
4
What is the ten thousands digit of 1898276?
9
What is the hundreds digit of 6000504?
5
What is the hundreds digit of 1625062?
0
What is the thousands digit of 6780393?
0
What is the tens digit of 678637?
3
What is the hundred thousands digit of 3236704?
2
What is the millions digit of 10648150?
0
What is the ten thousands digit of 108320?
0
What is the ten thousands digit of 186814?
8
What is the thousands digit of 1542543?
2
What is the thousands digit of 459473?
9
What is the thousands digit of 404306?
4
What is the hundreds digit of 366475?
4
What is the millions digit of 1015514?
1
What is the tens digit of 5693289?
8
What is the ten thousands digit of 167714?
6
What is the thousands digit of 210138?
0
What is the hundreds digit of 714289?
2
What is the thousands digit of 18735038?
5
What is the hundred thousands digit of 737295?
7
What is the hundred thousands digit of 441446?
4
What is the thousands digit of 247474?
7
What is the thousands digit of 21924?
1
What is the hundreds digit of 8797100?
1
What is the units digit of 3172240?
0
What is the thousands digit of 917186?
7
What is the hundred thousands digit of 1375515?
3
What is the ten thousands digit of 5915070?
1
What is the millions digit of 18075360?
8
What is the ten thousands digit of 23880?
2
What is the hundred thousands digit of 11823977?
8
What is the ten thousands digit of 260599?
6
What is the units digit of 355700?
0
What is the tens digit of 417790?
9
What is the tens digit of 303702?
0
What is the tens digit of 171271?
7
What is the hundreds digit of 681468?
4
What is the hundred thousands digit of 1773038?
7
What is the units digit of 2673122?
2
What is the thousands digit of 7987992?
7
What is the ten thousands digit of 1007586?
0
What is the hundred thousands digit of 9507458?
5
What is the thousands digit of 6347606?
7
What is the ten thousands digit of 3904743?
0
What is the units digit of 619880?
0
What is the units digit of 150332?
2
What is the ten thou